786 - 5?
-8802
In base 10, what is 2 - 602?
-600
In base 5, what is 10313 - -1?
10314
In base 13, what is -46 + 4?
-42
In base 6, what is -1014 - 4?
-1022
In base 16, what is 0 + -f?
-f
In base 16, what is 6 + 6?
c
In base 2, what is -100000 + 100?
-11100
In base 2, what is -101 + -110110101?
-110111010
In base 15, what is a9 + -14?
95
In base 9, what is -10 + 13?
3
In base 2, what is 1100 - -1101?
11001
In base 5, what is -4 - 13014?
-13023
In base 5, what is -401001 - -1?
-401000
In base 8, what is -1110 - 22?
-1132
In base 6, what is -15 + -3445?
-3504
In base 12, what is 3896 - -2?
3898
In base 8, what is -2027 - 3?
-2032
In base 12, what is -680 + 3?
-679
In base 11, what is -15 + 15?
0
In base 8, what is -3753 + 23?
-3730
In base 10, what is 0 + 1202?
1202
In base 4, what is -312 - -11?
-301
In base 13, what is 3 - -112?
115
In base 3, what is 101201 + 20?
101221
In base 2, what is 10 - -101?
111
In base 15, what is -4c + -5?
-52
In base 15, what is -569 - -4?
-565
In base 12, what is 4ba8 - 3?
4ba5
In base 4, what is 2 - 223102?
-223100
In base 14, what is -4 + -59?
-5d
In base 10, what is 19 - -5?
24
In base 16, what is 2 - -109?
10b
In base 14, what is 2093 + -2?
2091
In base 2, what is -100101011011 + -10?
-100101011101
In base 15, what is 20 + 12?
32
In base 10, what is 3 + 947?
950
In base 4, what is 1102 - -1?
1103
In base 14, what is -18 - -56?
3c
In base 14, what is a2 + -1?
a1
In base 14, what is 1 - -14?
15
In base 13, what is -13 - -8a?
77
In base 10, what is -990 - -5?
-985
In base 9, what is 50 + -5?
44
In base 4, what is -1020 + 101?
-313
In base 14, what is 4 + -1c?
-18
In base 11, what is 31 + 3?
34
In base 3, what is -122 + 121121?
120222
In base 13, what is -4 - 81?
-85
In base 2, what is -11100 + 100101?
1001
In base 7, what is -2621 + 4?
-2614
In base 5, what is 11 - -2440?
3001
In base 7, what is -12443 - -5?
-12435
In base 9, what is -2784 + 10?
-2774
In base 3, what is -10 + -120000?
-120010
In base 14, what is 1c7a + -2?
1c78
In base 7, what is 100 + -12?
55
In base 12, what is 71 - 5?
68
In base 2, what is -100110110100 - -10?
-100110110010
In base 11, what is -547 + -3?
-54a
In base 6, what is -3 + 250?
243
In base 12, what is 4 - 4a?
-46
In base 4, what is -13 - -13230?
13211
In base 8, what is 73 - 12?
61
In base 12, what is -a8b + 0?
-a8b
In base 7, what is 35 + 3301?
3336
In base 7, what is -4 + -1256?
-1263
In base 9, what is 5 - 67?
-62
In base 4, what is 33 - -212?
311
In base 3, what is -11111 + -221?
-12102
In base 9, what is 2 - 46?
-44
In base 13, what is -3 - -254?
251
In base 16, what is 7f - 2?
7d
In base 2, what is -1110011001 + 100?
-1110010101
In base 7, what is 325 - 21?
304
In base 6, what is 345 + 12?
401
In base 6, what is -4 + 102?
54
In base 4, what is -1 + -13?
-20
In base 3, what is -1 - -10012?
10011
In base 12, what is -4 - 29?
-31
In base 12, what is 0 + -443?
-443
In base 13, what is 113 - 5?
10b
In base 7, what is -2 - -2?
0
In base 6, what is -40015 - -3?
-40012
In base 2, what is -11 - 0?
-11
In base 13, what is 84 + -1?
83
In base 4, what is 10020 + -2?
10012
In base 15, what is -9e7 - 0?
-9e7
In base 5, what is 1012 + -13?
444
In base 13, what is c + 6?
15
In base 4, what is -10 + -30?
-100
In base 4, what is -32 + -320?
-1012
In base 13, what is 2 + -22b9?
-22b7
In base 2, what is -100 + -10101011010?
-10101011110
In base 8, what is -5 - -113?
106
In base 9, what is 7001 - 1?
7000
In base 14, what is 2 + -142a?
-1428
In base 9, what is 218 + 4?
223
In base 14, what is -5 - -4d?
48
In base 15, what is 31 + -1c?
14
In base 12, what is -175 + -2?
-177
In base 15, what is -e + c?
-2
In base 9, what is -1 - -252?
251
In base 3, what is 12 + 1200120?
1200202
In base 7, what is 23115 - 5?
23110
In base 5, what is 133 - -1?
134
In base 2, what is -1011 - -1000?
-11
In base 4, what is 2001 + -1131?
210
In base 11, what is -2 - -4?
2
In base 16, what is 3 + -f7?
-f4
In base 5, what is 2342432 - 1?
2342431
In base 9, what is -5 + 1105?
1100
In base 3, what is 12001 - 1?
12000
In base 6, what is -2222 - -4?
-2214
In base 5, what is -2421 + -3?
-2424
In base 7, what is 3003 + -2?
3001
In base 9, what is 5 + -182?
-176
In base 14, what is 63b + 3?
640
In base 13, what is 1a + -19?
1
In base 11, what is -966 + 4?
-962
In base 2, what is -111011111 - -1001?
-111010110
In base 12, what is -1967 + 1?
-1966
In base 7, what is -400 + -3?
-403
In base 12, what is -68 + -1?
-69
In base 2, what is -10111101011 + -100?
-10111101111
In base 12, what is 5 + -3a6?
-3a1
In base 11, what is 4 - -1523?
1527
In base 9, what is -268 + 5?
-263
In base 6, what is -10 + -201?
-211
In base 5, what is 20 - -12?
32
In base 10, what is -3 - 31?
-34
In base 10, what is 0 + 80?
80
In base 5, what is -444241 + -4?
-444300
In base 10, what is -1 - 81?
-82
In base 13, what is 0 + -12?
-12
In base 9, what is 36837 - -5?
36843
In base 3, what is -21 - 11122?
-11220
In base 6, what is 441 - -3?
444
In base 5, what is 1 + 3011?
3012
In base 4, what is 1 + 112123?
112130
In base 16, what is -6d - -3?
-6a
In base 7, what is 5 + 1160?
1165
In base 12, what is 2 + -21?
-1b
In base 3, what is -2010 - 0?
-2010
In base 3, what is 1220 + -1100?
120
In base 8, what is 160 - 5?
153
In base 9, what is -136 + -41?
-177
In base 11, what is -3 + 917?
914
In base 11, what is 5 + -943?
-939
In base 11, what is -35 - -1a8?
173
In base 16, what is 5 + -3f?
-3a
In base 15, what is 1 - e?
-d
In base 11, what is 4 - -2?
6
In base 8, what is -200 - 2?
-202
In base 12, what is -2418 - -4?
-2414
In base 12, what is -7aa - 11?
-7bb
In base 11, what is -9 - 645?
-653
In base 16, what is 62 + 32?
94
In base 10, what is 637 - -5?
642
In base 14, what is 3 + 2a?
2d
In base 13, what is -2 + 40c3?
40c1
In base 7, what is 3016 - -5?
3024
In base 8, what is -5 - 443?
-450
In base 10, what is 2 - -898?
900
In base 15, what is 89d + -1?
89c
In base 3, what is -102 - -211?
102
In base 12, what is -a + 61?
53
In base 16, what is e2 + 5?
e7
In base 15, what is -11 - 1d?
-2e
In base 9, what is 37 - -74?
122
In base 3, what is -10021 - 0?
-10021
In base 4, what is -1022223 + 1?
-1022222
In base 13, what is 58 + -59?
-1
In base 16, what is 361 + 3?
364
In base 4, what is 20 - 1112?
-1032
In base 9, what is -5 + -2051?
-2056
In base 16, what is df1 - -5?
df6
In base 7, what is 5 - 30?
-22
In base 12, what is 6b81 - 0?
6b81
In base 16, what is 12 + 14?
26
In base 11, what is -120 + -1?
-121
In base 5, what is 1111123 + -2?
1111121
In base 12, what is -b + -28?
-37
In base 10, what is 167 - 73?
94
In base 2, what is -10 + 1100100?
1100010
In base 10, what is -54 + 2?
-52
In base 9, what is 2 + 24?
26
In base 12, what is a - 287?
-279
In base 13, what is -262 + -4?
-266
In base 13, what is -3 + -43?
-46
In base 5, what is 21 + 1430?
2001
In base 11, what is 5 + -260?
-256
In base 10, what is -2 + 115?
113
In base 5, what is -21221 + 0?
-21221
In base 15, what is -1e4 + -b?
-200
In base 9, what is 2080 + 6?
2086
In base 4, what is 12 - 12?
0
In base 9, what is 1 + 340?
341
In base 6, what is -41 - -12?
-25
In base 7, what is -11 - -14?
3
In base 10, what is -1 - -1921?
1920
In base 16, what is 1 + -15f?
-15e
In base 16, what is -5 + c0?
bb
In base 2, what is 10 - -110011?
110101
In base 2, what is -10100100110 - -100?
-10100100010
In base 14, what is 4 + 13?
17
In base 7, what is 3 - -11?
14
In base 13, what is c8 + -5?
c3
In base 5, what is 100 + -13?
32
In base 15, what is -57 + -2?
-59
In base 10, what is -19 + 15?
-4
In base 6, what is -5 - -330?
321
In base 16, what is -4 + 3d?
39
In base 9, what is -6 - 25?
-32
In base 10, what is -4018 - 5?
-4023
In base 3, what is -1220 - -2010?
20
In base 7, what is -5 - 233?
-241
In base 8, what is -74 - -36?
-36
In base 10, what is 6 - 213?
-207
In base 7, what is 15 + 1321?
1336
In base 13, what is -423 + 1?
-422
In base 14, what is -56 - -37?
-1d
In base 7, what is -1604 - 2?
-1606
In base 2, what is -1011110101 - -10011?
-1011100010
In base 8, what is 2 - 1743?
-1741
In base 9, what is 145 - -2?
147
In base 9, what is 14 - -1355?
1370
In base 6, what is -202 - 201?
-403
In base 16, what is 3 - -59?
5c
In base 14, what is -3 - -381?
37c
In base 9, what is 2 + -166?
-164
In base 13, what is 265 + -a?
258
In base 13, wh